3 - 8 - 2*u + 41 - u. Give p(q).
-6
Let a(r) = 48*r**2 - 2 + 47*r**2 + 12 - 96*r**2 + 5*r. Suppose -3*l - 6*l = -63. Determine a(l).
-4
Let d(r) = 2*r**2 - 5 + 2*r**2 + 4045*r - 4034*r - r**2 - r**3. Calculate d(5).
0
Let o(b) = -6*b**3 - 5*b**2 - 9*b - 7. Let g(d) = -4*d**3 - 3*d**2 - 7*d - 5. Let u(z) = -7*g(z) + 5*o(z). What is u(-3)?
6
Let j be 14/(-8) + 2057/748. Let m(t) = -59*t - 3. Give m(j).
-62
Let n(i) = -5*i + 15. Let c be n(-4). Suppose -2*t = 3*t - c. Let z(k) = 2 - 1 + t - 1 - k. Determine z(4).
3
Let y = -49 + 51. Let j(m) = -19*m**2 - 8*m - y + 27*m**2 - 9*m**2. Determine j(-8).
-2
Let n(v) = -5*v**3 + 34*v**2 - 35*v + 4. Let k(q) = q**3 - q**2 + q - 17. Let r(w) = -4*k(w) - n(w). Determine r(29).
122
Let u(m) = m**3 - 4*m**2 + 9*m - 5. Let b(g) = -447*g + 14308. Let j be b(32). Calculate u(j).
31
Let g(k) = -9*k**2 - 8*k + 45. Let m(q) = -5*q**2 - 4*q + 25. Let f(y) = -4*g(y) + 7*m(y). What is f(3)?
16
Let x(c) be the third derivative of -1/3*c**3 - 17*c + 0 - 3*c**2 - 5/6*c**4. What is x(-2)?
38
Let m(v) = 39 - 28 + v**2 - 19 - 5*v. Let s be m(-2). Let z(h) = s - 2*h + 7 - 18. Give z(-5).
5
Let t(q) = q + 1. Let g(r) = -r. Let v be 15/(-9)*-3 - -3. Suppose -v*f = 18 + 22. Let y(u) = f*g(u) - 3*t(u). Determine y(2).
1
Let t(d) be the second derivative of d**3/6 - 2*d**2 - 5*d - 697. Suppose 5 = -z + 4*m, 5*m - 28 - 14 = -2*z. Determine t(z).
7
Let r(v) = -v - 8. Let o be r(-4). Let i(w) be the third derivative of 67*w**2 + 0 + 0*w - 7/24*w**4 + 1/6*w**3 - 1/60*w**5. Determine i(o).
13
Let v(w) = -3*w**3 + 5*w**2 + 8*w + 5. Let d(s) = 4*s**3 - 5*s**2 - 9*s - 5. Let p(a) = -5*d(a) - 6*v(a). What is p(-4)?
55
Let w be 6/(-51) - (-388500)/425. Let p = 916 - w. Let v(z) = 4*z**2 - 3*z + 1. What is v(p)?
11
Let q = 64 + -46. Let n be (135/q)/((-2)/(-4)). Let b(x) = -n*x - 4 + 6*x + 8*x. Give b(-4).
0
Suppose 3*b + 0*b + r = -3, 5 = 2*b + 3*r. Let j(t) be the first derivative of -t**3 - 3*t**2/2 - 456. What is j(b)?
-6
Suppose -67*n + 147 = 80*n. Let h(s) = 12*s + 30. Let g(k) = -k - 1. Suppose 0 = -0*r + 2*r - 2. Let t(l) = r*h(l) + 30*g(l). Give t(n).
-18
Let b(q) = 1 - 3 + 6449*q - 6451*q. Let j(a) = -4*a + 1. Let n be j(-1). What is b(n)?
-12
Suppose -2*h = -3 - 3. Let a(s) = -2*s - 1. Suppose 5*v + 2*m - 10 = 10, 0 = -4*v - m + 19. Let k(w) = w. Let q(i) = v*k(i) + a(i). Calculate q(h).
11
Suppose -5*k + 3 = -2*c + 2, 0 = -3*k - 3. Let l = c - 1. Let m(q) = 16*q**2 + 3*q - q**3 - 27*q**2 + 8*q**2 + 2*q + 5. What is m(l)?
1
Let i(q) be the first derivative of q**2 - 16*q + 81. Let y(h) = -4*h - 75. Let z be y(-21). Calculate i(z).
2
Let p = 14 + -13. Let z(o) be the second derivative of o**3/6 - o**2 - 46*o. Determine z(p).
-1
Let x(w) = w**3 + 4*w**2 - w - 1. Let l be x(-4). Let a be 4/(4 - 10/l). Let i(o) = 3*o**2 - 10*o**2 + a*o**2 - o. What is i(2)?
-6
Let t(f) = 4*f**2 - f. Let p be 2/(-4)*(0 + 2). Let q be t(p). Let m(d) = d + 0*d - 5 + 2 - 6*d - 74*d**2 + 75*d**2. Give m(q).
-3
Let x(h) be the first derivative of h**7/840 - h**6/45 + h**5/20 + 11*h**4/24 - 14*h**3/3 - h - 108. Let l(v) be the third derivative of x(v). What is l(7)?
4
Let l(r) = 3*r**2 - 7*r + 8. Let x(k) = 6*k + 195. Let n be x(-32). Determine l(n).
14
Let z(i) = -i**3 - 11*i**2 + 5. Let n be z(-11). Suppose 2*j - 10 = 5*p + n*j, 3*j = p + 2. Let a(r) = -2*r - 1. What is a(p)?
3
Let y(w) = -17 + 8*w + 2*w**2 + 0*w**2 - 3*w**2 + 2*w**2. Let t be y(-10). Let n(j) = -t*j + 0 + 2*j**2 + 3*j**3 - 4*j**3 + 3 - j**2. Determine n(2).
-7
Let v(q) = q - 15. Let p(y) = -y**3 + 11*y**2 + 11*y - 28. Let h be p(12). Let s be 1*(-24)/h + 37/5. Give v(s).
-7
Suppose -15 = -4*o + 9. Let c(j) be the first derivative of -9*j**2/2 + j - 23357. Calculate c(o).
-53
Let q(a) be the first derivative of 12*a**2 + 0*a**2 + 0*a**2 + a + 125. What is q(1)?
25
Let b(z) = -z**3 - 6*z**2 - 4*z - 15. Let u = -3708 - -3702. What is b(u)?
9
Suppose 105*g - 29 = -100 + 806. Let d(x) = -4*x - 8. Let h(v) = -3*v - 2 - 1 - 2. Let k(y) = 5*d(y) - 7*h(y). What is k(g)?
2
Let d = 19640 + -19636. Let y(s) be the first derivative of -2 - 10/3*s**3 - 1/4*s**d + 11*s + 6*s**2. What is y(-11)?
0
Suppose -5*c - 10 = 0, c = -5*w + 3 - 10. Let j(u) = -6*u**2 + u + 2. Give j(w).
-5
Let m(t) = -5*t**3 - 3*t**2 + 2*t + 6. Let b(c) = 4*c**3 + 2*c**2 - c - 5. Let p(k) = -16*k - 10. Let l be p(-1). Let r(g) = l*b(g) + 5*m(g). Determine r(-4).
0
Suppose -64*k + 4369 = 4881. Let q(f) = f**3 + 7*f**2 - 15*f - 30. Calculate q(k).
26
Suppose 0 = -65*v + 59*v. Let r be (-2)/(v/(-10) - 2/3). Let b(q) = 3*q**2 - 2*q - 4. Determine b(r).
17
Let w(p) = 5*p**2 - 16*p + 10. Let h be -9*224/(-288)*(-1)/((-7)/4). Give w(h).
26
Suppose 19*t - 17*t = 0. Let u(d) be the second derivative of -d**4/12 + d**3/6 + 2*d**2 - 16*d. Calculate u(t).
4
Let u(x) = -x + 7. Let i be u(5). Let h(q) = -23*q**3 + 19*q**2 - 25*q - 2. Let f(s) = 27*s**3 - 22*s**2 + 29*s + 2. Let p(r) = -6*f(r) - 7*h(r). Give p(i).
-8
Let t = -805 - -805. Suppose t = 177*s - 180*s - 3. Let j(r) = -32*r - 2. Calculate j(s).
30
Let m(k) be the first derivative of 4*k**3 + 29*k**2 - 10*k + 225. Let c be m(-5). Let i(f) = f**3 - f**2 + f - 7. Give i(c).
-7
Let o(a) = -a**3 - 2*a**2 + 1. Let n = -235 + 240. Suppose 18*h + 13 + n = 0. What is o(h)?
0
Let c = -35 - -49. Let s = -8 + c. Suppose -4*v = -20, 2*v - s = 5*h - 21. Let b(a) = -a**2 + 5*a - 7. Calculate b(h).
-7
Let m be -1 - (-16)/((-4)/(-2)). Let t(o) = 61642*o - 123281*o - 10 + 3 + 61636*o. What is t(m)?
-28
Let j = -688 + 690. Let d(m) = -13*m**j + 8*m - 16 - m**3 - 10*m + 7*m + 9*m - m. What is d(-14)?
-2
Let j(k) = -2*k**2 - 18*k. Let m be (21 + -18)/((18/(-2))/27). Calculate j(m).
0
Let l(t) = 6*t**2 + 28 - 5*t**2 - 104*t + 86*t. Give l(2).
-4
Suppose -29 + 17 = -2*n. Suppose -4*w + 3*w + 5 = 2*q, q - n = -4*w. Let d(b) = b + 172*b**2 - 174*b**q - b**3 + 2*b**3. Give d(3).
12
Let r(c) = 11*c - 100. Suppose 33 = 3*v + 3*i, -1860*i = -v - 1858*i + 8. Give r(v).
10
Let c(n) = 0*n**2 + 1 - 598*n + 596*n - 3*n**2. Suppose -3*t - 20 = 7*t. Give c(t).
-7
Let f = -24582 + 24585. Let n(x) be the first derivative of -x**6/120 + x**5/40 + x**4/6 + x**3/3 - 1. Let g(q) be the third derivative of n(q). Calculate g(f).
-14
Suppose 167*a - 3*f = 162*a - 28, 5*a + 22 = -3*f. Let t(i) = 6 + 0 + 10*i - 4*i**2 + 3*i**3 - 4*i**3 - 4*i. Determine t(a).
1
Let f(j) be the first derivative of 2*j**2 - 54*j - 868. Give f(10).
-14
Let n(c) = -55*c + 53. Let s(h) = -229*h + 218. Let w(v) = 25*n(v) - 6*s(v). What is w(4)?
13
Suppose 556 = 27*d - 929. Let v(p) = -19 + 5*p + d - 18 - 15. Give v(-5).
-22
Let x be (8/6)/((-9)/((-1458)/12)). Let i(m) = 20 - x*m + 38*m - 8*m - 13*m. What is i(20)?
0
Let q(u) = 19 + u + 8 - 18 - 4*u. Let j(h) = -3*h - 4*h + 1 + 6*h. Let o(v) = -4*j(v) + q(v). Determine o(-5).
0
Let o(l) be the second derivative of -l**5/20 - l**4/3 - l**3/2 + l**2 - 5*l + 18. Let k(r) = -r**2 + 11*r - 22. Let s be k(9). Give o(s).
14
Let w(l) = l**2 - 7*l. Let g be w(7). Let t(o) be the first derivative of o**3/3 - o**2/2 - 17*o + 774. Give t(g).
-17
Suppose 113*l - 1130 = -0*l. Let j(d) = 21*d - 221. What is j(l)?
-11
Let k(f) = -390*f - 2336. Let z be k(-6). Let u(h) = h - 7. Give u(z).
-3
Let t(n) = -n**2 - 9*n - 10. Suppose o = -0*o - o. Suppose 5*j + 37 = 2*u, o*u = -3*j + 4*u - 25. What is t(j)?
4
Let c(p) be the third derivative of p**6/120 - p**5/30 - p**4/8 - 39*p**2. Suppose 19*a + 6 = 21*a. Calculate c(a).
0
Let b(v) = 6*v + 18. Let z(h) = -6*h - 62. Let a(t) = t - 6. Let s(w) = -5*a(w) + z(w). Let d(j) = 5*b(j) + 3*s(j). Let l be -7 - 0 - (0 - 0). Give d(l).
15
Let p be 1 - (2 + (2 - 2)). Let o(x) = 11*x**2 - 6*x + 5. Let r(l) = -l**2 - l + 1. Let n(z) = p*o(z) + 4*r(z). Let s = 2486107 - 2486106. Give n(s).
-14
Let v(y) be the second derivative of -122*y - 1/12*y**4 + 0 + 2*y**2 + 2/3*y**3. Let u = 7 - 1. What is v(u)?
-8
Let c(n) be the second derivative of n**7/840 - n**6/30 + 11*n**5/120 + n**4/3 + 28*n**3 + 2*n - 23. Let q(k) be the second derivative of c(k). What is q(11)?
8
Let p(f) = 3*f - 11. Let u be p(5). Let s be (-252)/(-16) - (-3 - (-11)/u). Let i be (s/(-32))/((-1)/(-12)). Let l(v) = v - 2. Calculate l(i).
-8
Let k(r) = -r**2 - r - 4. Suppose 456*g = 357*g - 396. Determine k(g).
-16
Suppo